e remainder when d(1) is divided by 2.
1
Let z(k) = 3*k**2 - 11*k - 24. Let h(y) = -2*y. Let p be h(-1). Let m(q) = 3*q**2 + 2*q. What is the remainder when z(7) is divided by m(p)?
14
Let l be 64/3*((-4)/(-8) - -1). Let n = 112 - l. What is the remainder when n is divided by 28?
24
Suppose -q - 10 = -6*y + 3*y, -3*q - 5 = -4*y. Suppose 0 = -3*d + 5*x - x + 105, 4*d = q*x + 140. Calculate the remainder when 130 is divided by d.
25
Let c(f) = 2*f**2 + 27*f - 6. Let q be c(-21). Suppose 6*l - q = 603. What is the remainder when l is divided by 22?
20
Suppose -2*k + 5*k = 3*g + 411, k + 5*g - 113 = 0. What is the remainder when k is divided by 48?
37
Let y(g) be the first derivative of g**4/4 + 7*g**3 - 13*g**2 + 32*g + 25. Calculate the remainder when y(-22) is divided by 41.
38
Let d be 4/18 - 92/414. Let j = 568 + -398. Suppose h + h - j = d. What is the remainder when h is divided by 22?
19
Suppose 2*d - 8*f = -7*f + 10, -4*d - 4*f + 32 = 0. What is the remainder when ((-3)/2)/(3/(-92)) is divided by d?
4
Let c(j) = 60*j**3 - j**2 + 1. Let p = -602 - -618. Calculate the remainder when c(1) is divided by p.
12
Calculate the remainder when 103 is divided by (-67)/268 + (-298)/(-8).
29
Let d be (-10)/15 - 5/(-3). Suppose 7*g - 4*g = 54. Calculate the remainder when -106*(-2)/4*d is divided by g.
17
Let c(a) = a**3 + 4*a**2 - 14*a + 31. What is the remainder when c(3) is divided by 20?
12
Let m be ((27/(-5))/(-3))/((-2)/10). Let p(w) = -w**3 - 10*w**2 - 10*w + 12. What is the remainder when p(m) is divided by (-6)/((-2)/4 - 0)?
9
Let w = 139 + -64. Let f(p) = p**2 + 22*p + 34. What is the remainder when w is divided by f(-21)?
10
Suppose -2*b = 3*b - 625. Suppose -b = -j - 4*j. Calculate the remainder when 74 is divided by j.
24
What is the remainder when (-1 + 1 + 19)/(30/180) is divided by 33?
15
Let s = 361 - 219. What is the remainder when s is divided by 79?
63
Let p = -33 - -57. What is the remainder when 45 is divided by p?
21
What is the remainder when (-372)/(-3) - (-3 - 4) is divided by 48?
35
Suppose 3*u = -12, -4*h - 3*u - u - 4 = 0. Let z be h/(3 + -4) + 9. Calculate the remainder when 94 is divided by 140/z - 4/(-6).
22
Suppose -5*y - 338 = -2938. Suppose -5*l - 4*k + 9*k - y = 0, 3*l - k = -318. Let p = 182 + l. Calculate the remainder when p is divided by 11.
9
Calculate the remainder when 19 is divided by (124/527)/((-2)/(-17)).
1
Suppose -5*v - 186 = -3*v + a, -3*v - 4*a - 289 = 0. Let t be 2/7 + (-4979)/v. Suppose 0 = 5*j + 10 - t. What is the remainder when 17 is divided by j?
8
Suppose 19 = -4*k + 3, 324 = 4*i + 2*k. Suppose -x + 3*p + i = -2*p, -5*p = 2*x - 106. Calculate the remainder when 248 is divided by x.
59
Suppose -q = 1, 0*t - 5*q - 19 = -2*t. Let f(x) = -3*x**2 - 32*x - 2. Calculate the remainder when f(-10) is divided by t.
4
Suppose 5*j - 285 = -5*k, -384 = -5*j + 3*k - 115. Let m be (-140)/18 - (-4)/(-18). Let s = 22 + m. What is the remainder when j is divided by s?
13
Suppose 6*z = -113 + 389. What is the remainder when z is divided by 15?
1
Suppose 101 = 5*q - j, -q = 4*q + 4*j - 121. Calculate the remainder when (-24)/(-42) - (1 - 276/7) is divided by q.
18
Let t(r) = r**2 + r - 8. Let g be t(4). Suppose -228 = -0*d - g*d. What is the remainder when 91 is divided by d?
15
Let k be 304/57*18/(-4). Let d = k + 35. Let x(j) = 20*j - 1. Calculate the remainder when x(1) is divided by d.
8
Let g(v) = -2*v - 38. Let l be g(-20). Calculate the remainder when 13533/91 + l/7 is divided by 17.
13
Let u = -47 + -64. Let l = 169 + u. Calculate the remainder when l is divided by 20.
18
Suppose -2*j + 3*q + 201 = 0, -5*j + 0*q = 5*q - 565. What is the remainder when j is divided by 22?
20
Let v(f) = 10*f + 16. What is the remainder when 79 is divided by v(0)?
15
Suppose -4*t + 3*i + 161 = 0, -12*t + 8*t + 181 = i. What is the remainder when 527 is divided by t?
43
Let f(r) be the first derivative of -r**4/4 - 13*r**3/3 + 26*r + 30. What is the remainder when 44 is divided by f(-13)?
18
Let i = 2414 - 2391. Calculate the remainder when 126 is divided by i.
11
Let h(c) = 3*c**2 + 13*c - 78. What is the remainder when 51 is divided by h(-9)?
3
Let r be 74/3*24/16. Let n = 52 - r. Calculate the remainder when (-2)/4 + 238/4 is divided by n.
14
Let o = 44 - 35. Let y(i) = -i**2 + 10*i. Calculate the remainder when 17 is divided by y(o).
8
Let l(h) = h**3 + 11*h**2 - 6*h - 8. What is the remainder when l(-7) is divided by 29?
27
Suppose -3*k + 24 = -30. Let t be ((10 + -2)/4)/1. Suppose -t*g - k = -5*g. Calculate the remainder when g is divided by 4.
2
Suppose 3*u = 4*u. Suppose -5*c - 4*k + 270 = u, -4*k = 3*c - 2*k - 164. Calculate the remainder when c is divided by 12.
10
Let i be 3/1 + (11 - 6). Suppose 3 = -y - i. Let c = 5 - y. Calculate the remainder when 62 is divided by c.
14
Let p = -1 + 4. Suppose 0 = 4*q - 30 - 94. What is the remainder when q is divided by ((-20)/8 - p)*-2?
9
Let o be (-3 + -17)*(-2)/(-4). Calculate the remainder when 42 is divided by ((-44)/10)/(4/o).
9
Let u = 8 + -4. Calculate the remainder when (2/(-6))/(-6 + (-969)/(-162)) is divided by u.
2
Let z(k) = -k**2 - 6*k. Let p(v) = 1. Let x(w) = 4*w - 3. Let a(l) = -4*p(l) - x(l). Calculate the remainder when z(-5) is divided by a(-1).
2
Calculate the remainder when 384 is divided by (52/16)/((-4)/(-32)).
20
Let j(b) = 6 - 71*b + 3 - 6. Let o be j(-3). Calculate the remainder when (10/(-20))/((-2)/o) is divided by 19.
16
Suppose -52*t + 297 = -19*t. What is the remainder when 114 is divided by t?
6
Let v = -21 + 62. Let w = v - -1. Suppose 55 = 3*m + 10. Calculate the remainder when w is divided by m.
12
Suppose -5*r + 537 = -y, 2*r - y = 4*r - 212. Let i = r - -34. What is the remainder when i is divided by 48?
45
Let k(d) = -d + 1. Let m be k(5). What is the remainder when 7 - 10/3*(-66)/5 is divided by (-192)/(-14) + m/(-14)?
9
Let y = -1137 + 1216. Calculate the remainder when 212 is divided by y.
54
What is the remainder when 29 is divided by -1 - (350/(-22) + 4/(-44))?
14
Calculate the remainder when (72/10 - 7) + 134/5 is divided by 2.
1
Let u(n) = 71*n**3 - 2*n**2 - n + 2. Let c be u(1). Suppose -3*l + c = 4*h, -3*h = -2*h - 4. What is the remainder when l is divided by (0 + -1)*(-3 + -2)?
3
Let b be (-4)/(-2 - -4)*-72. Suppose 0 = -3*g + b - 12. What is the remainder when g*3/12*3 is divided by 17?
16
Let q = -11 - -11. Suppose q = 5*r - 2*d - 8, 3*r - 8*r - 5*d + 15 = 0. Suppose -b + 42 = r*b. What is the remainder when 25 is divided by b?
11
What is the remainder when -8 + (-6)/(12/(-166)) is divided by 40?
35
Suppose -4*z = -297 + 73. Let p(a) = a**3 - a**2 - 6*a + 6. Let w be p(5). Suppose -5*j + j + w = 0. What is the remainder when z is divided by j?
18
Let p = -273 + 287. What is the remainder when 44 is divided by p?
2
Let z = 14 - -9. Let g(s) = s**3 - 4*s**2 - 4*s + 1. Calculate the remainder when z is divided by g(5).
5
Suppose 10 = -2*m, -85 = 2*t + 2*m - 357. Calculate the remainder when t is divided by 41.
18
Let h(o) = 3 - 4*o - 2 - o**2 + 0 + 5*o. Let t be h(4). What is the remainder when 29 is divided by 3/(3 + 30/t)?
7
Let i(n) = n**2 - 4*n + 36. Let j be i(16). Suppose 0 = p - 5*p + j. Calculate the remainder when 170 is divided by p.
56
Suppose -5*b = 33*b - 131*b + 1209. Suppose 4*s - 4 = 8. Suppose -q - 10 = -s*q. What is the remainder when b is divided by q?
3
Suppose -2*f - 5*d = -159, -282 = -4*f - 5*d + 7*d. Calculate the remainder when 142 is divided by f.
70
Let u = 328 + -187. What is the remainder when u is divided by 24?
21
Let i = 71 + -66. Suppose p + i = 0, -317 = -7*q + 3*q - 3*p. What is the remainder when q is divided by 29?
25
Let s(p) = -9*p - 12. Let k(d) = d**2 - 10*d + 6. Let j be k(9). Calculate the remainder when 42 is divided by s(j).
12
Suppose 5*m - 82 = 4*l, 9*m - 3*l = 7*m + 37. What is the remainder when 19 is divided by m?
5
Let x = 6 - 3. Suppose 0*c = -x*c + 21. Calculate the remainder when (-282)/(-14) - 13/91 is divided by c.
6
Let o = 14 + -7. Let s(m) = -m**3 - 6*m**2 - 4*m - 7. Suppose -4*z - 14 = 10. Calculate the remainder when s(z) is divided by o.
3
Suppose 0 = 5*b - 3*y - 135, -b = y - 8 - 27. What is the remainder when 61 is divided by b?
1
Suppose 6*h = 10*h - 452. Suppos